- 3*s, 0 = -y + s - 6. Let x be (-2)/((2 + -8)/y). Determine t(x).
-5
Let y(a) = 5*a - 45. Let r be y(9). Let f(k) = k + 4. Determine f(r).
4
Let t(r) = r**2 + 2*r + 2. Let l(x) = 5*x**2 + 8*x + 9. Let u(o) = -2*l(o) + 9*t(o). Determine u(3).
-3
Suppose 18*p = 13*p - 10. Let f(t) = -4*t - 3*t**2 + 2*t**2 - 3 + 2*t. Calculate f(p).
-3
Let b(c) = -c**2 + 4*c - 1. Let l(s) = s. Let i(w) = b(w) - 3*l(w). Suppose -5*p = -0*v - v + 9, -2*p + 18 = 5*v. Suppose -v*a + 6 = -2. Give i(a).
-3
Let f be (-8)/(-2) + 1 + (4 - 9). Let w(k) be the third derivative of -k**5/60 - k**4/24 + 4*k**3/3 - k**2. Determine w(f).
8
Let f(h) = -4*h**2 - 11*h - 1. Let w(o) = -5*o**2 - 12*o - 1. Let a(g) = -6*f(g) + 5*w(g). Let l = -335 - -341. What is a(l)?
1
Let q(p) be the first derivative of p**4/24 + 5*p**3/6 - p**2 - 3. Let r(i) be the second derivative of q(i). Calculate r(-5).
0
Let w(x) = -x**3 - 4*x**2. Let t(o) = -o. Let b(g) = 1 + 4*g**2 - g**2 + 3 - 5 + g. Let y be b(1). Let m be t(y). Determine w(m).
-9
Let t(a) = -2*a - 12. Let x(w) = w**3 - 8*w**2 + 5*w + 5. Let o be x(7). Let j be t(o). Let q(l) = -l + 3. Calculate q(j).
-3
Suppose -2*w = -g - 5*w - 14, g - w = 6. Let o(r) = -1 + 609*r - 303*r - 295*r. Give o(g).
10
Let n(d) = -2*d - 3. Let q = -7 + 5. Let i be q*1/2 - 4. Let j be 10/(-2) - (i - -5). Calculate n(j).
7
Let z(q) be the first derivative of -7*q**4/4 - q**3/3 - q**2/2 + q + 28. What is z(1)?
-8
Let i(u) be the second derivative of -7*u**3/6 - u**2 + 37*u. Let t = 3 + -5. Calculate i(t).
12
Suppose -3*z = 4*o + 19, -5*o - 2*z + 2 = 24. Let r(n) = n**2 + 6*n + 2. Let j be r(o). Let l be 2/3*j/(-1). Let q(w) = -w**2 + 3*w - 2. Give q(l).
-6
Suppose -3*p - 2 = 19. Let h(v) = 2*v + 0*v - 6 - 3*v + 0*v. Give h(p).
1
Let x be 18/(-2) + 0 + -1. Let t be ((-12)/x)/(4/10). Let y(d) = d**3 + 2*d - 1 + d**t - 4*d. Determine y(2).
11
Suppose -4 = 3*m - 10. Suppose 2*r = -m*z - 2*r - 6, -4*z = 3*r + 17. Let h(n) = -3*n - 4. Give h(z).
11
Suppose 2*r = -r + 9. Suppose r*c - 12 = -3*b, b - 4*c = -21 + 5. Let t(j) = 2*j - 4*j + j**2 + j - 1 + 2*j. Give t(b).
-1
Let l be 25/(-5)*1/(-5). Let h(a) = -4*a**3 - a**2 + a. Give h(l).
-4
Let t(k) be the third derivative of k**6/120 - k**4/24 + 2*k**2. Let h(u) = -2*u**3 - 4*u**2 + u + 2. Let j(i) = h(i) + t(i). Determine j(-3).
-7
Let b be 18/27*12/2. Let p(g) = -8*g**2 - 4*g + 4. Let x(k) = 7*k**2 + 3*k - 3. Let f be -12*1*3/6. Let r(h) = f*p(h) - 7*x(h). Determine r(b).
-7
Let i(x) be the third derivative of -x**4/6 - x**3/3 + 29*x**2. Calculate i(-2).
6
Let z = 35 + -36. Let a(u) = 6*u**3 + 2*u**2 + u. Determine a(z).
-5
Let g(x) = -6*x - 4. Let q(h) = h + 1. Let b(y) = 6*y + 5. Let o(u) = b(u) - 2*q(u). Suppose -4*w = -18 - 2. Let t(k) = w*g(k) + 8*o(k). Determine t(-3).
-2
Let d(b) = 2*b + 6 + 0*b - 2*b + b. Let r be 12/(2 - 0)*-1. Give d(r).
0
Let f(s) = -s + 5 + 0 + 0*s. Let r(c) = 2*c - 14. Let p(a) = 11*f(a) + 4*r(a). Let u = -47 + 48. Determine p(u).
-4
Suppose 5*c + 5 = -10. Let d be ((-4)/(-4))/(c/(-3)). Let b(u) = -2*u**3 - 8*u**3 + u + u**2 - 3*u**2. What is b(d)?
-11
Let n(p) = 15*p - 1. Let z be n(1). Suppose 0 = -5*a + 4 - z. Let c(y) be the third derivative of -y**5/60 - y**4/12 + y**3/3 - y**2. Give c(a).
2
Let i be (7 + -8)*26/2. Let c be (i - -7)/((-1)/1). Let q(t) = t**2 - 5*t - 8. Determine q(c).
-2
Let o(p) = -13*p**2 - 6*p - 2. Let l(g) = -7*g**2 - 3*g - 1. Let k(c) = 11*l(c) - 6*o(c). Determine k(-5).
11
Let v = -2 + 2. Let i(p) = 4*p**3 - 25. Let t(r) = r**3 - 8. Let m(y) = -2*i(y) + 7*t(y). Give m(v).
-6
Let c(n) be the third derivative of -n**7/5040 + n**6/240 - n**5/60 - n**2. Let j(k) be the third derivative of c(k). Give j(-4).
7
Let r(w) = w**2 + 1. Let f(q) = 4*q**2 - 3*q + 5. Let t(u) = f(u) - 3*r(u). What is t(2)?
0
Let b = -6 - -4. Let o(p) be the second derivative of 1/12*p**4 + 0 + 2*p + 1/6*p**3 + 0*p**2. Give o(b).
2
Suppose -4 = -l - 0*l. Let x(m) = 4*m - 8. Let k be 4 + (0 - 1)*-1. Let p(c) = 7*c - 16. Let d(y) = k*x(y) - 3*p(y). What is d(l)?
4
Let o(t) = 6*t - 8. Let f(k) = -3*k + 4. Let n(a) = -5*f(a) - 3*o(a). Suppose b + 13 = 4*s, 2*b - 1 = -3. Calculate n(s).
-5
Let s(d) = -d + 2. Suppose 5*j = b + 4*j - 1, -j - 5 = -2*b. Let r be (b/(-1) - -1)*1. What is s(r)?
5
Let k be (-99)/(-21) - (-6)/21. Suppose k*r = 7*r + 10. Let g(t) = t**2 + 6*t - 1. Calculate g(r).
-6
Let y(m) = 6*m**3 - 1. Let r = -44 - -43. Determine y(r).
-7
Let r(q) be the first derivative of 2*q**3/3 + 3*q**2/2 + q + 19. Calculate r(-2).
3
Let i(j) be the third derivative of j**6/120 - j**5/15 + j**4/12 + j**3/6 + 4*j**2. Determine i(3).
-2
Suppose h + 8 = 5*h. Let y(x) = x**2 - h*x + 1 - x + 5*x. Determine y(-2).
1
Let q(g) be the second derivative of -g - 1/40*g**5 + 0*g**3 - 1/720*g**6 + 0 + 1/12*g**4 + 0*g**2. Let f(h) be the third derivative of q(h). What is f(-5)?
2
Let p(s) = s**2 + 6*s - 8. Suppose -n + 8 = -b, -6*n - 20 = 4*b - 4*n. Determine p(b).
-8
Suppose g = 5*l - 8, -2*l - 2*g = g - 10. Let s(p) = -2*p + 3*p**2 + l*p**2 + 7*p - 4*p**2 + 4. Determine s(-4).
0
Let p(t) = -4*t + 1. Let f(q) = 8*q - 1. Let j(k) = -k. Let v be j(1). Let n be f(v). Let i be (-3)/2*6/n. Determine p(i).
-3
Let s(f) = f**2 - 3*f + 4. Let m be (2/(-4))/((-3)/18). Give s(m).
4
Let b(z) be the third derivative of 2*z**5/15 - z**4/24 - z**3/6 - 3*z**2. Let v(r) = -r**3 - 14*r**2 - r - 15. Let h be v(-14). Give b(h).
8
Let b(s) = 1 - 42*s - 44*s + 90*s. Determine b(-2).
-7
Suppose 0 = -4*n, -3*x - 2*n - 2*n - 15 = 0. Let c be 1/5 + 5/(-25). Let u(j) = -6*j**2 - j**3 + 1 - j + 6 - 3*j + c. What is u(x)?
2
Suppose 0 = 3*l - 1 - 5. Suppose 24 = l*c - 8. Let b = c + -10. Let q(h) = -h**3 + 6*h**2 - h + 6. Give q(b).
0
Let z(u) = u**3 + 17*u**2 + 30*u + 1. Let p be z(-15). Let x(c) = 3*c. Determine x(p).
3
Suppose v - 4*k = 2*v - 4, -8 = -2*v + 5*k. Let m(n) = n + 2*n + 3 - 2*n. Give m(v).
7
Let y(p) = -p**3 - 2*p**2 - p - 1. Let x be y(-2). Let h = 2 + x. Let g(m) = m**h - 2*m + 2*m - 1 - m**2 - 2*m**3 - m. What is g(-2)?
5
Let v(k) = -k**3 + 7*k**2 - 2*k + 8. Let a be v(7). Let w(d) = -2*d - 3*d + 7*d - 1. Give w(a).
-13
Let d(h) = -h**3 + 6*h**2 - 5*h - 5. Let p be d(5). Let x(l) = l - 7. Calculate x(p).
-12
Let m(w) = -w - 4. Let a(z) = -z**3 + 16*z**2 - 16*z + 10. Let q be a(15). Calculate m(q).
1
Let t(v) = v**2 - 3*v. Let b(c) be the first derivative of -c**4/4 - 2*c**3 + 3*c + 3. Let i be b(-6). Calculate t(i).
0
Let i be 40/6 - (-1)/3. Let q = -9 + i. Let m(h) = 2*h + 1. Calculate m(q).
-3
Let n(a) = 6*a + 8. Let r(w) = -w**2 - 1. Let z(v) = n(v) + r(v). Let u be z(7). Suppose -10 = 2*f - u. Let o(j) = 2*j + 7. Determine o(f).
-3
Let i(u) = u - 3. Let p = -20 + 26. Suppose -k = 3 - p. Give i(k).
0
Let b be (-4)/(-14) - (0 + (-46)/(-14)). Let r(i) = i**3 - 4*i**2 + 3*i + 3. Let c be r(3). Let q(j) = 0*j**3 - 4 - j**3 + 3*j**2 + 2*j**c. Calculate q(b).
-4
Let b be (-3)/(-4) + 19/(-4). Let z(k) = -4*k**2 + 3*k**2 + 2*k**2 - 2*k**2 - 5*k. Determine z(b).
4
Let v(b) = b + 6. Suppose -c + 2*g = 8 + 3, -4*g = 2*c + 14. Calculate v(c).
-3
Let i(t) = -t**3 - 4*t**2 - 2*t + 1. Let p = 11 + -13. What is i(p)?
-3
Let l(n) = -1063 - 3*n + 2*n**2 + n**3 + 3*n**2 + 1061. What is l(-3)?
25
Let l(q) be the second derivative of q**5/20 - q**4/2 + 7*q**2/2 + 7*q. What is l(6)?
7
Let h(d) = -d**2 - 4*d + 4. Let v(f) = f**2 + 4*f - 5. Let w(m) = -6*h(m) - 5*v(m). Calculate w(-3).
-2
Let h(d) = -1 - 1 + 3*d - 1 + 0*d. Give h(5).
12
Let m(y) be the first derivative of -1/2*y**4 - y**2 + 2 - 3*y - y**3. What is m(-2)?
5
Let r be (2/1 - 11)*(-4)/12. Let a(k) = k**3 - 5*k**2 + 3*k - 3. Determine a(r).
-12
Let r(j) be the second derivative of j**5/30 - j**4/12 + j**3/2 - j**2/2 - j. Let t(a) be the first derivative of r(a). Let v = 2 + 0. Give t(v).
7
Let u(i) = -i - 2. Suppose 3*q + 2*r = -0*q - 16, 2*q + r + 10 = 0. Let x be q - (2 - (4 + -1)). Calculate u(x).
1
Let i(o) = -o**2 - 2*o + 1 + o + o**3 + 0. Suppose 0 = -b - 2 - 1. Let x be 64/48*b/(-2). Determine i(x).
3
Let u(k) = -k**2 - 9 + 3*k**3 + 0*k**3 - 5*k**2 - k**3 + 4*k. Let h(g) = 4 + 0*g - g**3 - 4*g + 3*g**2 + 2*g. Let c(s) = -13*h(s) - 6*u(s). Determine c(3).
8
Let x(a) = 2*a - 7. Let z(q) = 2*q**2 - 3*q + 3. Let t be z(2). What is x(t)?
3
Let c(l) = 2*l. Let z be c(5). Le